+ -5)?
6
Suppose -2*o + 385 = -3*o. Let x be -244*(49/(-20) - 1/(-5)). Let b = x + o. What is the units digit of b?
4
Let t = 34 + -26. Let v = -8 + t. Suppose 26*k - 22*k - 304 = v. What is the tens digit of k?
7
Let r be (-1502)/6 - (-2)/6. Suppose 0 = -2*j + 22*q - 19*q + 749, -2*q = 6. Let i = j + r. What is the units digit of i?
0
Let u(a) be the first derivative of a**3/3 - 9*a**2/2 + 27*a - 38. Let l be u(-21). Suppose 0 = 16*t - 1969 + l. What is the units digit of t?
2
Suppose 2*t - 4*t + 3*l - 958 = 0, 0 = 5*t + 4*l + 2441. What is the units digit of (t/(-5))/(6/30)?
5
Let y = 413 - 411. Suppose -z = 4*b - 2981, 4*z - 1494 = y*b - 4*b. What is the hundreds digit of b?
7
Suppose -2*w = 3*w - 10. Suppose w - 42 = 4*p. Let c = p + 77. What is the tens digit of c?
6
Let f(r) = -16*r - 114. Let s(v) = -v**2 - 15*v - 113. Let g(n) = 2*f(n) - 3*s(n). What is the units digit of g(-11)?
1
Suppose 3*d = -d - 5*a - 32, 0 = -3*d + 2*a - 24. Let b be 201 + (d - -6) - (1 - 1). Let r = -142 + b. What is the units digit of r?
7
Let m = 12 - -3. Suppose 28*d - 23*d = m. Suppose 0 = -8*l + d*l + 365. What is the tens digit of l?
7
Let w(k) be the second derivative of k**4/12 + 17*k**3/6 - 173*k**2 - 97*k. What is the tens digit of w(-37)?
9
Suppose 0*r - 2*r = -3392. Let z(n) = n**3 - 23*n**2 + 25*n - 59. Let x be z(22). Suppose 23*b - r = x*b. What is the hundreds digit of b?
1
Suppose -3*n + 2*b + 25371 = 0, n + b = -3*n + 33828. What is the units digit of n?
7
Let s(w) be the second derivative of -49*w**3/6 - 211*w**2/2 + 70*w. What is the thousands digit of s(-35)?
1
Let r be 15969/7 + (11 - 158/14). Suppose 5162 = 3*d + u, -10871 + r = -5*d + u. What is the units digit of d?
9
Suppose 5*x - y - 14 = 10, 0 = -5*x - 5*y + 30. Suppose -8*v + 13*v = -5*h + 5380, 5*h + 5370 = x*v. What is the tens digit of v?
7
Suppose -30*x + 34*x - 4 = 3*p, 5*p + x = 24. Let m(z) = z**3 - 11*z**2 - 12*z + 9. Let d be m(12). Suppose -d*n + 1010 = -p*n. What is the hundreds digit of n?
2
Let c(y) be the third derivative of y**5/60 - 25*y**4/24 + 3*y**3/2 + 15*y**2. Let b be c(26). What is the tens digit of ((-36)/70 + (-10)/b)*-100?
8
Suppose 16 = 8*k - 0. Let l be 1 - k*((-57)/6 + 2). Suppose 4*b + l = 0, -2*t + 5*t - 161 = -b. What is the tens digit of t?
5
Suppose 2*r = -3*o - 0*o, -4*o + 14 = -2*r. Let t(a) = 77*a**2 + 18*a + 1. What is the tens digit of t(r)?
4
Let x = -28641 - -41007. What is the thousands digit of x?
2
Suppose -33*u + 105 = -18*u. Let q(o) = -5*o**2 + 7*o - 22. Let n(h) = -11*h**2 + 13*h - 44. Let m(b) = 2*n(b) - 5*q(b). What is the tens digit of m(u)?
0
Let t(x) = 738*x + 1408. What is the tens digit of t(4)?
6
Suppose 3*v - 8*v + 10 = 0. Suppose -j = 0, -r + 5*j = -1 - v. Suppose -2*i + t = -142, -r*t + 7*t = -16. What is the tens digit of i?
6
Suppose -6 = o - 4*o. Let t(d) = d**3 + 2*d**2 + d. Let h be t(-1). Suppose h = -n + o + 16. What is the units digit of n?
8
What is the hundreds digit of -1 + 5443 - (-1740)/(-145)?
4
Let q = -63 - -68. Let g = 29 - q. Suppose 0 = -2*c, g - 3 = 3*o + 3*c. What is the units digit of o?
7
Let s(t) = 10 - 14 - 11*t - 9*t. Let x be s(-9). Suppose -h = h - x. What is the tens digit of h?
8
Let t(m) = m**3 - 24*m**2 + 45*m + 49. Let w be t(23). Suppose 1353 + w = 4*g. What is the tens digit of g?
7
Let l(b) = b**2 + 4*b - 5. Let w be l(-5). Let t(j) = -j**2 - 6*j - 65. Let r(q) = q**2 + 7*q + 66. Let d(v) = -5*r(v) - 6*t(v). What is the tens digit of d(w)?
6
Suppose 5*t + 5*m - 13775 = 0, 6*t + 5*m = 4*m + 16555. Suppose -q + t = 3*v, -2*q + 6 = -0. What is the tens digit of v?
1
Let a be (110/(-88))/(1/8). Let m(h) = -24 - h**2 + 5*h - 14*h - 18*h. What is the hundreds digit of m(a)?
1
Let i be (-2 - (-45)/(-3)) + 1. Let t = i + 445. What is the units digit of t?
9
Let l be ((-5763)/153)/(8/(-6) - -1). Let i = l + -25. What is the tens digit of i?
8
Let n = -25047 - -46057. What is the ten thousands digit of n?
2
Let f be (-368)/(-28) - 2/14. Suppose f*d - 24 = 9*d. Suppose 244 = 5*q - 2*k, 2*k - d*k = q - 62. What is the units digit of q?
0
Let l be 2356/(-42) + 32/336. Let i = 90 - 32. Let j = i + l. What is the units digit of j?
2
What is the tens digit of (-700)/600 - (-3 - (-28394)/(-12))?
6
What is the hundreds digit of 1510074/18 + -16 + -24?
8
Suppose 4*u + 2*f = 6*f + 48, 2*f + 42 = 4*u. Suppose -l + 15 = u. Suppose l*i = -i + 56. What is the units digit of i?
8
Suppose 7*i + 311 + 697 = 0. Let d = i + 209. What is the units digit of d?
5
Let w be (360/(-32))/(298/(-296) - -1). What is the hundreds digit of w + (27/(-3))/((-21)/14)?
6
Suppose 0 = 18*s - 229733 - 466597. What is the ten thousands digit of s?
3
Let k(l) = 10*l - 23*l**2 + 5*l - 16 + l**3 + 40*l**2. Let h be k(-16). Suppose 67*a - 68*a + 196 = h. What is the units digit of a?
6
Let o = 576 - 575. What is the units digit of -5 - (3/o - 4)*540?
5
Let a = -271 - -252. Let c(k) = k**2 + 6*k - 46. What is the units digit of c(a)?
1
Let q = -11847 - -27198. What is the units digit of q?
1
Let k = 163 - 129. Suppose -b + k + 134 = 0. What is the tens digit of b?
6
Let a(v) = -4*v**3 + 195*v**2 - 12*v + 351. What is the thousands digit of a(41)?
1
Let x(k) = 41*k - 2. Let q be x(1). Let g = q + 141. What is the units digit of g?
0
Suppose 8*f = 3*f + 65. What is the units digit of 5748/156 - (-2)/f?
7
Let t be 282*48/18*1. Suppose -31*x + 8300 = -t. What is the hundreds digit of x?
2
Suppose 880*g + 15228 = 884*g. What is the tens digit of (g/(-4))/(-3)*4?
6
Let l(f) = f**3 + 4*f**2 - 11*f. Let s(j) = 2*j**3 + 9*j**2 - 22*j. Let m(h) = -11*l(h) + 6*s(h). Suppose -2*a + 464 - 484 = 0. What is the tens digit of m(a)?
1
Suppose 4*w = -5*h + 124910, 9*w - 4*h + 93683 = 12*w. What is the ten thousands digit of w?
3
Suppose -3*i + 26*i + 230 = 0. What is the tens digit of (34/i)/(42/(-7770))?
2
Let q(u) = 4*u**2 + 28*u - 130. Suppose -14*o = 77 - 273. What is the tens digit of q(o)?
4
Suppose 37*z + 141 + 81 = 0. What is the hundreds digit of (4 - 9) + (z - -614)?
6
Let m(a) be the third derivative of 1/120*a**6 + 5/24*a**4 + 0*a + 0 + 11/6*a**3 + 3/20*a**5 - 3*a**2. What is the units digit of m(-6)?
9
Suppose -747059 - 128757 = -83*p. What is the thousands digit of p?
0
Let k be 32 - 7/((-21)/(-9)). Suppose k*t - 34*t = 120. What is the units digit of (63/(-12))/(9/t)?
4
Suppose -2 = -n + 64. Let b be (-3 - 1) + -17 + n. Let m = 39 + b. What is the tens digit of m?
8
Let v(d) = 2307*d + 540. What is the hundreds digit of v(1)?
8
Let v = -28204 + 40939. What is the units digit of v?
5
Suppose 19 = 13*q + 32. What is the tens digit of (-3)/(-6) - (q + 795/(-6))?
3
Let t(l) = -l**2 + 20*l + 3. Let f be t(20). What is the tens digit of (150 - 24)/(f/2 - 0)?
8
Suppose -825971 = -97*u + 482543 - 380321. What is the units digit of u?
9
Let f(v) = 3*v**3 + 8*v**2 + 15*v + 35. Let l be f(-7). Let i = l + 1040. What is the hundreds digit of i?
3
Let t = -172 - -158. Let z(x) = 3*x**2 + 7*x - 79. What is the tens digit of z(t)?
1
Suppose -7*j + 9*j - 30 = 0. Suppose -5*y = k - j, 2*y = -3*y + 4*k + 40. Suppose -y*t + 3*t + 74 = 0. What is the units digit of t?
4
Let n be (-1)/(0 + 4) - (-25)/4. Suppose 185 = -n*d + 2555. What is the units digit of d?
5
Let f(n) = -502*n**3 - 3*n**2 - 7*n - 1. What is the ten thousands digit of f(-4)?
3
Let u = -56 + -10. Let d = 63 + u. What is the tens digit of ((-5)/d)/((-6)/(-486))?
3
Suppose -l + 3*d = -26809, 21 = -2*d + 5*d. What is the ten thousands digit of l?
2
Let b be (132/14)/((-15)/(-105)). Suppose -64*t = -b*t + 900. What is the units digit of t?
0
Let x be (42/4 - 1)*2. Suppose x*n = 23*n. Suppose 8*w - w - 175 = n. What is the units digit of w?
5
Let n(w) = w**3 - 16*w**2 - 170*w - 73. What is the units digit of n(24)?
5
Let g = 28293 - 6594. What is the hundreds digit of g?
6
Let x be 17 + -11 - 2*184. What is the hundreds digit of x/7*-13 + (-134)/469?
6
Let o = -232 - -140. Let v = o + -39. Let i = -30 - v. What is the hundreds digit of i?
1
Suppose -5*g - 15830 = -4*a, -7*g + 11886 = 3*a - 4*g. Suppose -10*w = -2*w - a. What is the hundreds digit of w?
4
Suppose 5*x - 3429 = -4*o, -3*o = -2*x + 1372 - 5. Let q = x - -1212. What is the hundreds digit of q?
8
Let p = -123 - -88. Let r be (-1145)/p - 4